git of 2460778?
0
What is the tens digit of 218020?
2
What is the thousands digit of 1882900?
2
What is the tens digit of 396670?
7
What is the tens digit of 272404?
0
What is the tens digit of 538630?
3
What is the thousands digit of 76696?
6
What is the tens digit of 107009?
0
What is the tens digit of 43361?
6
What is the ten thousands digit of 253100?
5
What is the ten thousands digit of 795780?
9
What is the thousands digit of 55465?
5
What is the units digit of 3712731?
1
What is the tens digit of 337871?
7
What is the ten thousands digit of 867161?
6
What is the ten thousands digit of 157771?
5
What is the hundred thousands digit of 449534?
4
What is the hundreds digit of 84733?
7
What is the ten thousands digit of 11308763?
0
What is the units digit of 172437?
7
What is the thousands digit of 14040?
4
What is the tens digit of 498538?
3
What is the ten thousands digit of 8741954?
4
What is the thousands digit of 349026?
9
What is the hundreds digit of 344722?
7
What is the hundred thousands digit of 229301?
2
What is the millions digit of 3852775?
3
What is the hundreds digit of 249657?
6
What is the hundreds digit of 788822?
8
What is the hundred thousands digit of 3216289?
2
What is the hundreds digit of 256686?
6
What is the tens digit of 8137617?
1
What is the hundred thousands digit of 5359610?
3
What is the thousands digit of 1682455?
2
What is the units digit of 1036124?
4
What is the hundred thousands digit of 24224816?
2
What is the thousands digit of 3032069?
2
What is the hundreds digit of 3673279?
2
What is the tens digit of 367915?
1
What is the ten thousands digit of 1105558?
0
What is the units digit of 1157507?
7
What is the ten thousands digit of 321737?
2
What is the millions digit of 2303679?
2
What is the millions digit of 5649705?
5
What is the units digit of 213095?
5
What is the hundreds digit of 261791?
7
What is the tens digit of 8958015?
1
What is the units digit of 432543?
3
What is the millions digit of 5388769?
5
What is the hundreds digit of 657515?
5
What is the ten thousands digit of 2577005?
7
What is the tens digit of 7073684?
8
What is the thousands digit of 517309?
7
What is the hundreds digit of 964263?
2
What is the tens digit of 17523647?
4
What is the hundred thousands digit of 103054?
1
What is the ten thousands digit of 427674?
2
What is the thousands digit of 5360887?
0
What is the hundred thousands digit of 12347423?
3
What is the hundreds digit of 245292?
2
What is the ten thousands digit of 643174?
4
What is the thousands digit of 1800772?
0
What is the hundreds digit of 1741378?
3
What is the tens digit of 176216?
1
What is the ten thousands digit of 71607?
7
What is the ten thousands digit of 494557?
9
What is the thousands digit of 525474?
5
What is the hundreds digit of 15516007?
0
What is the hundred thousands digit of 829406?
8
What is the millions digit of 1730796?
1
What is the millions digit of 22092061?
2
What is the ten thousands digit of 984947?
8
What is the thousands digit of 4067269?
7
What is the ten thousands digit of 3292578?
9
What is the thousands digit of 954727?
4
What is the ten thousands digit of 6582321?
8
What is the ten thousands digit of 1098850?
9
What is the hundreds digit of 11281406?
4
What is the hundreds digit of 12147917?
9
What is the units digit of 729690?
0
What is the tens digit of 936826?
2
What is the hundred thousands digit of 1002338?
0
What is the tens digit of 1551672?
7
What is the thousands digit of 10778271?
8
What is the hundreds digit of 328226?
2
What is the units digit of 4503607?
7
What is the thousands digit of 249672?
9
What is the units digit of 473334?
4
What is the ten thousands digit of 102852?
0
What is the hundred thousands digit of 1982997?
9
What is the hundreds digit of 36020?
0
What is the hundred thousands digit of 178448?
1
What is the units digit of 912899?
9
What is the hundred thousands digit of 280771?
2
What is the tens digit of 551931?
3
What is the thousands digit of 27919436?
9
What is the millions digit of 18478665?
8
What is the tens digit of 4963409?
0
What is the hundreds digit of 769705?
7
What is the thousands digit of 1177410?
7
What is the hundreds digit of 3563164?
1
What is the hundred thousands digit of 3900749?
9
What is the hundreds digit of 154144?
1
What is the hundred thousands digit of 1121252?
1
What is the tens digit of 227824?
2
What is the hundreds digit of 984512?
5
What is the hundred thousands digit of 19730532?
7
What is the ten thousands digit of 19888197?
8
What is the hundred thousands digit of 126980?
1
What is the hundred thousands digit of 123462?
1
What is the hundreds digit of 566911?
9
What is the millions digit of 2493928?
2
What is the ten thousands digit of 460653?
6
What is the units digit of 473773?
3
What is the tens digit of 631550?
5
What is the ten thousands digit of 2434561?
3
What is the hundred thousands digit of 953355?
9
What is the ten thousands digit of 503327?
0
What is the units digit of 183781?
1
What is the units digit of 35276?
6
What is the ten thousands digit of 1194826?
9
What is the tens digit of 192245?
4
What is the thousands digit of 10114191?
4
What is the millions digit of 1979080?
1
What is the thousands digit of 16053856?
3
What is the hundred thousands digit of 2874334?
8
What is the ten thousands digit of 8430801?
3
What is the tens digit of 22322599?
9
What is the tens digit of 2140154?
5
What is the hundred thousands digit of 445997?
4
What is the hundreds digit of 487320?
3
What is the millions digit of 4488298?
4
What is the hundreds digit of 153081?
0
What is the hundreds digit of 9019097?
0
What is the ten millions digit of 26930660?
2
What is the hundred thousands digit of 633524?
6
What is the thousands digit of 596757?
6
What is the hundred thousands digit of 1269953?
2
What is the hundreds digit of 392337?
3
What is the ten thousands digit of 85974?
8
What is the units digit of 351832?
2
What is the hundreds digit of 1468026?
0
What is the ten thousands digit of 8023251?
2
What is the millions digit of 1799830?
1
What is the tens digit of 1043537?
3
What is the hundreds digit of 314783?
7
What is the hundreds digit of 27962?
9
What is the tens digit of 192987?
8
What is the hundred thousands digit of 9897422?
8
What is the units digit of 540089?
9
What is the units digit of 466388?
8
What is the ten thousands digit of 172503?
7
What is the ten thousands digit of 508982?
0
What is the hundred thousands digit of 15635949?
6
What is the ten millions digit of 24761507?
2
What is the ten millions digit of 10169740?
1
What is the hundreds digit of 36123?
1
What is the ten thousands digit of 798727?
9
What is the units digit of 18160908?
8
What is the ten thousands digit of 2555957?
5
What is the thousands digit of 3157126?
7
What is the ten millions digit of 12078968?
1
What is the thousands digit of 4374367?
4
What is the hundred thousands digit of 36040314?
0
What is the thousands digit of 150701?
0
What is the ten thousands digit of 513059?
1
What is the hundreds digit of 740640?
6
What is the thousands digit of 2041660?
1
What is the ten millions digit of 20437556?
2
What is the units digit of 4145668?
8
What is the tens digit of 15985432?
3
What is the hundred thousands digit of 2232469?
2
What is the units digit of 17590557?
7
What is the thousands digit of 826818?
6
What is the millions digit of 1488039?
1
What is the hundreds digit of 789739?
7
What is the units digit of 294943?
3
What is the ten thousands digit of 7269135?
6
What is the units digit of 427137?
7
What is the tens digit of 7789709?
0
What is the thousands digit of 504023?
4
What is the ten thousands digit of 690184?
9
What is the hundreds digit of 142077?
0
What is the ten thousands digit of 1198668?
9
What is the units digit of 153653?
3
What is the units digit of 345?
5
What is the hundred thousands digit of 16235010?
2
What is the hundreds digit of 10848481?
4
What is the millions digit of 10207484?
0
What is the thousands digit of 13480?
3
What is the ten thousands digit of 7319814?
1
What is the hundred thousands digit of 333255?
3
What is the units digit of 700133?
3
What is the millions digit of 5948339?
5
What is the ten thousands digit of 133438?
3
What is the